pose -10*m = -8*m + b - 87, 164 = 4*m + 4*b. What is the remainder when 780 is divided by m?
44
Let d = -62 - -95. Suppose 64 = -8*a + 136. What is the remainder when d is divided by a?
6
Let f(o) = -o**3 - 10*o**2 - 9*o + 22. Let w(c) = 2*c**2 + c + 1. Let y be w(3). Suppose y + 50 = -8*p. Calculate the remainder when 65 is divided by f(p).
21
Let p = -2841 + 3675. Calculate the remainder when p is divided by 4.
2
Let q(g) = -2*g**3 - 4*g**2 + g + 5. Suppose -u + 150 = f + 118, 1 = -u. Calculate the remainder when q(-4) is divided by f.
32
Let a = -13390 - -13462. What is the remainder when 2591 is divided by a?
71
Let w = 266 + -202. Suppose 63 = -14*r + 301. Calculate the remainder when w is divided by r.
13
Let n = -769 + 1024. Calculate the remainder when 1024 is divided by n.
4
Let y(q) = 2*q - 26. Let x be y(17). Let r be 1*4/x*4. Let h = r + 23. Calculate the remainder when h is divided by 15.
10
Let k = -88 - -114. Suppose 0 = m - 39 + k. Calculate the remainder when (0 + 19)*(-9 - -13) is divided by m.
11
Suppose -3*r + 142 = 2*t - 39, 5*t + 2*r = 436. Calculate the remainder when t is divided by 13*(7 + -2 + -4).
8
Let y(k) = -k**3 - 6*k**2 - 2*k - 9. Let v(d) = -4*d - 48. Let n = -80 + 66. Calculate the remainder when v(n) is divided by y(-6).
2
Let b be (2/(-1) - -8) + -1. Suppose b*v = 223 + 267. Let i(w) = w**2 - 36*w + 280. Calculate the remainder when v is divided by i(26).
18
Suppose -5*p + 4680 = 4*j, -j = 3*j + 4*p - 4672. Calculate the remainder when 3494 is divided by j.
14
Suppose 0 = -3*y + 5*y - 6. Suppose -k + x = -34, 0 = -6*x + y*x + 12. What is the remainder when 225 is divided by k?
35
Let z = 101 - 101. Suppose 0*s + 4*s = -x + 187, 5*x - s - 872 = z. What is the remainder when x is divided by 22?
21
Suppose 4*r - 290 = 434. Suppose 10*v - 28*v = -828. Calculate the remainder when r is divided by v.
43
Let r(k) = 11*k + 17. Let q be r(6). What is the remainder when 2 + q + 0 + -1 is divided by 22?
18
Suppose -101 = -23*i - 9. Suppose -l = 3*u - 1169, 7*u - 1920 = 2*u + i*l. What is the remainder when u is divided by 65?
63
Suppose -2*j + 44 = 2*i - 10, j + 3 = 0. Suppose i*g - 180 - 300 = 0. What is the remainder when 621 is divided by g?
13
Let v be 1*-11 - 5/5. Let w be 2/(-6) + 116/v. What is the remainder when -15*4/(-24)*(-16)/w is divided by 1?
0
Let t be 15/(-6) - 945/(-54). Suppose 0 = -3*r + 4*r - 4*z - 9, -2*z = -2*r + 12. What is the remainder when ((-27)/t)/(78/(-1690)) is divided by r?
4
Let k(d) = 23*d - 536. What is the remainder when k(42) is divided by 90?
70
Suppose -3*k - 4*g - 67 + 197 = 0, 5*k - 5*g = 170. What is the remainder when 92 is divided by k?
16
Let n(g) = -280*g + 925. What is the remainder when n(-3) is divided by 34?
31
What is the remainder when ((-6 + 1 - -14) + -6)*824/6 is divided by 104?
100
Suppose -m - 12 - 103 = a, 0 = 3*a + 2*m + 344. Let w = -29 - a. Calculate the remainder when w is divided by 29.
27
Suppose -w + 5*c + 166 = 0, 476 = 3*w + 12*c - 16*c. What is the remainder when 482 is divided by w?
14
Let x(b) = -b**3 - 85*b**2 - 170*b - 183. What is the remainder when x(-83) is divided by 70?
9
Suppose -39*a - 346 + 1559 = -1790. What is the remainder when 155 is divided by a?
1
Suppose 20*w + 215 = 2819 + 1816. Calculate the remainder when w is divided by 50.
21
Suppose i - 1215 = h, 5*i + 2*h - 4537 = 1517. What is the remainder when i is divided by 64?
60
Suppose 0 = 5*a - 4*j - 20, 3*a - 2 = 4*j + 10. Calculate the remainder when 146 is divided by a.
2
Let r(j) = 129*j**2 - 26*j - 35. What is the remainder when r(3) is divided by 44?
36
Let y = 1920 + -463. Suppose -13*x + y = -467. What is the remainder when x is divided by 27?
13
Let a(f) = -1458*f - 1334. Let s(n) = n + 22. Calculate the remainder when a(-1) is divided by s(0).
14
Let s(u) = u**3 + 8*u**2 + 14*u + 17. Let a be s(-6). Suppose 12*l = 3*x + 8*l - 282, -188 = -2*x - a*l. Calculate the remainder when x is divided by 19.
18
Let a(o) = 2*o - 14. Let w be a(8). Suppose 2*f - 178 = -0*m + m, -3*m + 178 = w*f. Calculate the remainder when f is divided by 6*1/3*9.
17
Suppose -3*d = -754 + 244. Suppose -50917 = 22*v - 52193. What is the remainder when d is divided by v?
54
Let z(g) = g**3 - 13*g**2 + 27*g - 121. Let c be z(8). What is the remainder when (1 + c/(-10))*2 is divided by 8?
7
Suppose 3*u - u - 2*s = 2, -5*u + 4*s + 4 = 0. Let y(h) = h**2 - h + 21. Let l be y(u). Let i = 2 + l. What is the remainder when i is divided by 12?
11
Let b = -46 + 62. Suppose -6*j = -b*j. Suppose j = -3*h - 85 + 304. What is the remainder when h is divided by 19?
16
Calculate the remainder when -18*8/(-264) + (-3046)/(-22) is divided by 132.
7
Let b(a) = -a**3 - 7*a**2 - 6*a + 12. Let l(f) = -43*f - 1. Let c be l(1). Let h = c - -38. What is the remainder when 47 is divided by b(h)?
11
Suppose 5*f = 13210 + 9250. What is the remainder when f is divided by 18?
10
Let z(y) = y**3 - 30*y**2 + 42. Calculate the remainder when 2852 is divided by z(30).
38
Suppose -6*g + 7*g = 32*g. Suppose -51*t + 46*t + 240 = g. What is the remainder when 183 is divided by t?
39
Suppose -331*i + 335*i - 1052 = 0. Let a = -820 + 826. What is the remainder when i is divided by a?
5
Let n = -30 - -43. Suppose -810 = -n*r + 19*r. Calculate the remainder when r/(-6)*(-3)/9*-8 is divided by 9.
6
Let c(q) = -q**3 + 17*q**2 - 9*q + 13. What is the remainder when 386 is divided by c(16)?
11
Let b(s) = 20*s**2 + 1136*s - 4567. Calculate the remainder when b(4) is divided by 91.
24
Let n = -79 - -115. Let t(g) = 2*g + 35. Let a be t(-15). Suppose 0 = a*l + i - 95, 30 = l - 0*l - 2*i. What is the remainder when n is divided by l?
16
Suppose 3114 + 3123 = 41*z + 702. Suppose 0 = 3*y - 78 - 60. Calculate the remainder when z is divided by y.
43
What is the remainder when 0/(-4) + -4 + 65 is divided by 6 - (4 + 2 - 2) - -7?
7
Calculate the remainder when 124 - 114 - (2 - 424*7) is divided by 744.
0
Let z = 704 + -698. Let i be (-822)/(-54) - (-2)/(-9). Suppose -87 + i = -4*n. What is the remainder when n is divided by z?
0
Let i = 23402 - 16783. What is the remainder when i is divided by 86?
83
Suppose 3*y - 385 = 5*m, -2*y + 5*m + 122 = -133. Calculate the remainder when y is divided by 88.
42
What is the remainder when 9885 is divided by (-6780)/(-66) - (-21)/77?
100
Let x(j) = 6*j**2 + 4*j - 1. Let p be x(-2). Suppose p*k - 20*k + 150 = 0. Let q = -5 + 13. What is the remainder when k is divided by q?
6
Suppose 4*l + 35*k - 40*k = 1440, -1800 = -5*l + k. Suppose 52*w = 57*w - l. Calculate the remainder when w is divided by 37.
35
Let a = 6733 + -6689. Let n = -78 + 171. What is the remainder when n is divided by a?
5
Suppose 5*r - 210 = k, -210 = 56*r - 61*r - 3*k. Let d(n) = 3*n**2 + 2*n + 5. What is the remainder when d(6) is divided by r?
41
Suppose -2*m + 4*z + 20 = 0, -z - 4*z + 85 = 3*m. Let c = m + 120. What is the remainder when c is divided by 25?
15
Let d(m) = -35*m - 2. Let r be d(-1). Suppose -4*o - 3*p + 73 = 4, 3*o - 4*p - r = 0. What is the remainder when 65 is divided by o?
5
Let g(t) = 3*t**3 - 63*t**2 + 22*t + 51. What is the remainder when g(21) is divided by 68?
37
Let t = -3286 + 3321. Calculate the remainder when 86 is divided by t.
16
Let o(x) = x**2 - 3*x - 11. Calculate the remainder when o(10) is divided by (11/9 - 1) + 29962/1899.
11
Let y = 2 - 2. Suppose -2*c + 6 + 14 = y. What is the remainder when -10*(16/(-240)*-3 - 3) is divided by c?
8
Let v(g) = 231*g + 2321. Calculate the remainder when 2958 is divided by v(-10).
10
Let n = 91 + -78. Suppose -4*x + 3 = -n, -k + 5*x + 111 = 0. What is the remainder when k is divided by 45?
41
Let k(n) = -134*n**3 + 3*n + 12. Calculate the remainder when k(-2) is divided by 12.
10
Let d = -473 + 169. Let r = 481 + d. Suppose -182*k = -r*k - 210. What is the remainder when 81 is divided by k?
39
Suppose -13 = 10*o - 33. Suppose 0 = -4*l + o*y + 140, -2*l + 3*y - 24 + 98 = 0. Calculate the remainder when 97 is divided by l.
29
Let i = 58 - 58. Suppose -4*y + 9 = -x - y, i = 5*y - 10. What is the remainder when x + 2 - (-51 - (4 + -1)) is divided by 27?
26
Suppose 38*l - 70 = 31*l. Suppose 97 = l*q - 163. What is the remainder when 72 is divided by q?
20
Suppose 7434 = 2*w + 7*w. S